2 - 14*p - 2. Let d be q(-14). Determine l(d).
4
Let m(u) = 4*u**3 + 7*u**2 - 6. Let d(i) be the first derivative of 7*i**4/4 + 13*i**3/3 - 11*i - 6. Let g(k) = -3*d(k) + 5*m(k). Calculate g(-3).
-6
Let s(f) = f + 1. Suppose -1 = h - 2*h. Give s(h).
2
Let i be (-1)/2 - 10/(-4). Let l(a) = 2*a**2 - a**2 + 3 + 0*a**i + 5*a. Let s be (-1 - 2)/(6/8). Determine l(s).
-1
Let z = -794 + 800. Let u(v) = -3*v + 2*v + 0 - 5. What is u(z)?
-11
Let z(x) = -2*x - 4. Suppose -2*n + 30 = -6*n + w, 0 = -2*n - 2*w - 10. Determine z(n).
10
Let k(c) = -2*c - 2. Let g = -10 + 18. Suppose -g = 2*r - 4. What is k(r)?
2
Suppose 3*c = 4*c - 12. Suppose c = 5*i + 2. Let y(l) = 3*l**2 - l - i*l**2 + 0*l**2. Determine y(3).
6
Let i be -1*(-2)/(-2) + 0. Let s be (-4*1*1)/(-2). Let m(y) = y - y + 5*y**s. Determine m(i).
5
Let u(d) = -13*d. Let i(t) = -1. Let h(m) = -i(m) + u(m). Determine h(1).
-12
Let h(v) be the second derivative of -v**4/24 + v**3/6 + v**2 + 2*v. Let d(i) be the first derivative of h(i). What is d(5)?
-4
Let v(l) be the first derivative of -l**5/120 - l**4/24 + l**3/3 + 5. Let p(h) be the third derivative of v(h). Determine p(4).
-5
Let r(v) = 2*v + 32. Let z be r(-15). Suppose -z*p - 27 = -p - 5*h, -13 = 4*p - h. Let n(f) be the first derivative of -3*f**2/2 + 2*f - 1. Determine n(p).
8
Let z(o) be the first derivative of -o**3/3 - 3*o**2 - 5*o - 3. Let w be ((-6)/(-5))/(2/(-10)). Calculate z(w).
-5
Let r = 27 - 22. Let c(m) = 3*m - 4*m + 0*m - 1. Give c(r).
-6
Let u(p) = -p**2 + 6*p + 10. Let x be u(7). Let c(n) be the second derivative of n**4/12 - 2*n**3/3 + 2*n**2 + 2*n. What is c(x)?
1
Let o(z) = -z**2 - 7*z - 1. Let i be 8/12 + (-28)/6. Let m = i + -2. Give o(m).
5
Let o(a) be the third derivative of a**5/60 + 11*a**4/24 + 2*a**3 - 23*a**2. Calculate o(-9).
-6
Let t(j) = 12 + 2*j - 33 + 10 + 9. Calculate t(-2).
-6
Let h(v) = -5*v. Let d(s) = -9*s. Suppose -3*i - 2 = 4. Let o(l) = i*d(l) + 5*h(l). Suppose -5 = -q + 6*q. What is o(q)?
7
Let l(u) be the third derivative of 1/120*u**6 + 0*u**4 - 3*u**2 - 1/60*u**5 - 1/3*u**3 + 0 + 0*u. Give l(2).
2
Let s = 8 - 12. Let t(b) = 4*b**2 + b**2 - 3*b - b**2 - 5*b**2. Give t(s).
-4
Let h = 13 + -8. Let q = 4 - h. Let p(m) = -11*m**2 + 1. Calculate p(q).
-10
Let n(u) be the first derivative of 1/2*u**2 + 6 - u. Determine n(6).
5
Let v(w) = -3*w**2 + 3*w - 3. Suppose -4 = 2*l + 6. Let j be l - 1*2/(-2). Let f = j - -6. Determine v(f).
-9
Let p(x) = x**3 - x - 16. Let g be (-1)/((-3)/6) - 2. Determine p(g).
-16
Suppose 0*h + 2*h - 8 = 0. Let r(c) = h*c + 3 - 4 + 0*c. Calculate r(-1).
-5
Let u = 2 + 7. Let g(b) = b + 3*b**2 - u*b**2 - 1 + 4*b**2 + b**3. Let a = 8 + -6. Determine g(a).
1
Let a(k) = 20*k**3 - 3*k**2 - 21*k**3 + 2*k - 2*k**2. Give a(-5).
-10
Let s = 10 + -4. Let t(m) = s*m - 4 + 4. Let d = -2 - -1. Determine t(d).
-6
Let h(y) = -15*y**2 + 20*y - 36. Let f(x) = -x**2 - 1. Let d(m) = f(m) - h(m). Let j(i) = -5*i**2 + 7*i - 12. Let k(z) = -6*d(z) - 17*j(z). Determine k(0).
-6
Suppose s + 4*h - 19 = -h, 4*s + h - 19 = 0. Let m(w) = -w**2 - w + 4. Give m(s).
-16
Let f(q) = -q + 2 - 2. Let m(n) = -7*n**2 + 3*n**2 + 3*n**2. Let x(d) = 3*f(d) - m(d). What is x(2)?
-2
Suppose -2*b + 4 = -a - 0, -a - 5 = -3*b. Let f(n) = 3*n**3 - n**2 - n + 1. Give f(b).
2
Let i(x) = -2*x - 13. Let k(u) = u + 6. Let z(h) = 3*i(h) + 7*k(h). Let v(a) = 2*a - 10. Let p be v(4). Determine z(p).
1
Suppose 2 = -2*u + 6. Let t(d) = -d**2 - d. Determine t(u).
-6
Let s be 3 - (0 + 0)/1. Let z(g) be the third derivative of -g**6/120 + g**5/30 + g**4/6 + g**3/6 + 2*g**2. Let r be z(s). Let n(f) = f + 1. Determine n(r).
5
Let p be 2/((-2)/(-3)) - 2. Let y = 0 + p. Let i(c) = -2*c - 3. Let w(z) = -z**2 + 4*z + 7. Let l(k) = 9*i(k) + 4*w(k). Give l(y).
-5
Let n(i) be the third derivative of -i**6/120 + i**5/60 - i**3/6 + 11*i**2. Give n(1).
-1
Let b be ((-30)/9)/(-5)*-3. Let p(o) = 2*o**3 + 2*o**2 - 2*o - 2. Determine p(b).
-6
Suppose 0 = r - 2*r + 3. Let v(h) = 7*h**3 + 1 + 5*h**r + h - 13*h**3. Give v(-1).
1
Let y(p) = -1 + p + 0 + 0. Let h be 2/(-4)*(-5 - -5). Give y(h).
-1
Let c(l) = 6*l**3 - l**2 + 6*l - 6. Let y(t) = 7*t**3 - 2*t**2 + 7*t - 7. Let u(z) = 6*c(z) - 5*y(z). Give u(-3).
5
Suppose -8*y + 3*y = 0. Suppose -2*c - 8 = -y*c. Let t(x) = x**3 + 5*x**2 + 2*x + 1. Calculate t(c).
9
Let n(x) = x**2 + 6*x - 22. Let r be n(-8). Let f(j) = j**3 + 5*j**2 - 3*j + 3. Determine f(r).
-15
Suppose 78 = -4*y + 58. Suppose p + u + u = 4, 0 = -4*u + 8. Let a(x) = p*x + 4*x**2 - 5*x**2 + 7 - 6*x. What is a(y)?
12
Let b(d) = d**3 - 7*d**2 + 4*d + 1. Let w = 6 + 0. Give b(w).
-11
Suppose -2*i = -8, -10 = p + i - 4*i. Let h = 1 - -1. Suppose -a - p = z, z + 1 + h = 0. Let j(f) = -2*f**2 + 2*f - 1. Determine j(a).
-1
Let h(b) = -2*b - 1. Suppose -u - 2 = -3*d - 3, 19 = 3*u - d. Let m(k) = k + 1. Let x(o) = u*m(o) + 3*h(o). Determine x(-4).
0
Suppose 5 = y + 2*s, -s + 0*s = -y + 2. Let n(j) = j**3 - 3*j**2 + j + 2. What is n(y)?
5
Let t(r) be the second derivative of r**4/6 - r**3/6 - r**2/2 - r. Suppose 2*k - 20 = -6. Let x = k + -8. Determine t(x).
2
Let u(r) = r - 7. Let m be u(6). Let t be 2/(-2*m/4). Suppose t*h - 2*j - 20 = 0, -7*j = -2*j. Let c(b) = -b**3 + 4*b**2 + 8*b - 6. What is c(h)?
9
Let p(i) = -7 - 4*i**3 + 6*i - 5 + 21 + 6*i**2 + 3*i**3. Determine p(7).
2
Let k(z) = -3*z - 4. Let v = -2 + 3. Let b = -1 - 1. Let n = b - v. Calculate k(n).
5
Let a = 28 + -16. Suppose 4*y - a = t, 0 = 6*y - 2*y - 4*t. Let f(b) = b**2 - 5*b + 3. Give f(y).
-1
Let f(w) be the first derivative of -11*w**2/2 - w + 37. Give f(-1).
10
Let a be (-78)/4*4/(-3). Let f(t) = -a + t + 26. What is f(-2)?
-2
Let q(k) = -7*k + 1. Let i be ((-21)/6 - -3)/((-2)/4). Give q(i).
-6
Let u(f) = f**2 - 9*f + 1. Let s be u(8). Let j(q) = 3*q - 1. Calculate j(s).
-22
Let z(t) = t**2 + 5*t + 5. Let h be z(-5). Let f = h - 2. Let a(o) = -2*o + 1. Calculate a(f).
-5
Let s be 48/30 - (-2)/5. Let i(w) be the second derivative of 5/6*w**3 + 3/2*w**s - 2*w + 0. Give i(-2).
-7
Let m(o) be the first derivative of -o**2 - 1/12*o**4 + 3 - 2*o - 1/6*o**3. Let f(q) be the first derivative of m(q). Give f(0).
-2
Let z = 1 - -4. Suppose 4*g + 2 = -z*f + g, -f - 5*g = 18. Let s(v) = 2*v + 6 - v + f*v. Calculate s(-4).
-6
Let g(d) = d**2 + d - 4. Let l(z) = -z**2 - z + 2. Let a be l(1). Calculate g(a).
-4
Let c(q) = q + 2. Let w(k) = -5*k - 9. Let a(p) = 26*c(p) + 6*w(p). Calculate a(2).
-10
Let j(x) = x**3 - x**2 - 5*x + 2. Let g(v) = 2*v**2 - 2*v - 1. Let s be g(-1). Calculate j(s).
5
Let r(k) = -5*k - 1. Let i be 192/(-112) - (-2)/(-7). What is r(i)?
9
Let b = 5 - 3. Let u(h) = -b - 4 + h**2 + 6 + 3*h. Calculate u(-5).
10
Let h be 15/(-10)*(-4)/3. Let a(k) be the first derivative of -k**4/4 + k**3/3 - k**2/2 + k + 2. Calculate a(h).
-5
Let o(c) be the third derivative of -c**6/120 - c**5/12 + 7*c**4/24 - 2*c**3/3 + 14*c**2. What is o(-6)?
-10
Let w(z) be the second derivative of -z**4/4 + z**3/6 + 9*z. Let q(r) = r + 5. Let m be q(-8). Let a = -2 - m. Determine w(a).
-2
Suppose 10 = 4*t - j, 0 + 6 = -t - 4*j. Suppose t*g = -0*g + 4. Let y(f) = -f + 1. Let w be y(g). Let s(b) = -3*b**2 + b + 1. Give s(w).
-3
Let o(i) = 6*i**3 + 26*i**2 - 5*i + 31. Let w(f) = -f**3 - 5*f**2 + f - 6. Let a(k) = 2*o(k) + 11*w(k). Let m = -2 + 5. Give a(m).
-1
Let s(w) be the second derivative of w**5/20 + w**4/12 + w**3/6 - 3*w**2 - 22*w. What is s(0)?
-6
Let v(f) be the first derivative of -f**4/4 - f**3 + f**2 + 21. Determine v(-3).
-6
Let m(o) = -3*o - 9. Let z be m(-4). Let x be z - 1*(-4)/2. Let r(k) = k**3 - 6*k**2 + 5*k + 5. Calculate r(x).
5
Let r(d) = d**2 + 3*d - 6. Let m be (-2 - -4) + 2*-4. Determine r(m).
12
Let o(p) = -7*p**3 + 2*p**2 - 1. Suppose j + 2 = 3*j. Give o(j).
-6
Let p(b) = -12*b - 1. Let z(k) = -24*k - 3. Let w(s) = 5*p(s) - 2*z(s). What is w(-1)?
13
Let l(n) be the third derivative of n**6/120 + 7*n**5/60 - 5*n**4/12 - 11*n**3/6 + 19*n**2. Determine l(-8).
5
Let j(o) = 5*o**2 + 1. Suppose 3*x - 5*d + 2 = 0, 4*d + d = 4*x - 4. Let t(y) be the second derivative of -y**3/6 + 7*y**2/2 - 2*y. Let c be t(x). What is j(c)?
6
Suppose 0*q - 5 = -q. Suppose 0 = -v + q - 2. Suppose 0 = 2*r + 2*r + 20, 5*w + v*r + 30 = 0. Let g(o) = -o**2 - 4*o - 1. Determine g(w).
2
Let l be ((-30)/(-6 -